 (base 6) in base 10?
35
Convert 6 (base 15) to base 11.
6
-8 (base 11) to base 14
-8
Convert -6b (base 14) to base 10.
-95
Convert -23 (base 8) to base 11.
-18
Convert 45 (base 10) to base 8.
55
What is 110 (base 2) in base 15?
6
What is -1 (base 2) in base 14?
-1
What is -a (base 11) in base 10?
-10
-110 (base 5) to base 10
-30
What is -20 (base 6) in base 2?
-1100
Convert 8c (base 13) to base 3.
11022
What is 5 (base 10) in base 3?
12
Convert 24 (base 5) to base 10.
14
-24 (base 7) to base 16
-12
-155 (base 7) to base 8
-131
Convert -3 (base 14) to base 4.
-3
3 (base 11) to base 4
3
What is -5 (base 14) in base 12?
-5
What is -130 (base 4) in base 3?
-1001
Convert -55 (base 16) to base 7.
-151
Convert -14 (base 8) to base 16.
-c
-11 (base 6) to base 10
-7
2 (base 7) to base 4
2
Convert 0 (base 8) to base 3.
0
What is -2221 (base 3) in base 13?
-61
5 (base 10) to base 3
12
What is -95 (base 15) in base 7?
-260
Convert -11 (base 9) to base 15.
-a
What is 2 (base 15) in base 6?
2
-32 (base 4) to base 5
-24
What is -31 (base 8) in base 15?
-1a
What is 20 (base 5) in base 4?
22
What is 0 (base 12) in base 4?
0
Convert -223 (base 4) to base 11.
-3a
-11 (base 4) to base 8
-5
0 (base 4) to base 16
0
4 (base 9) to base 10
4
What is -4 (base 13) in base 7?
-4
10 (base 4) to base 5
4
-1b (base 14) to base 2
-11001
What is 3 (base 9) in base 6?
3
-23 (base 13) to base 6
-45
-1 (base 7) to base 13
-1
-2 (base 16) to base 3
-2
What is -1 (base 15) in base 8?
-1
-1101 (base 2) to base 13
-10
-1 (base 3) to base 14
-1
2 (base 13) to base 5
2
What is -215 (base 10) in base 2?
-11010111
What is -5 (base 11) in base 6?
-5
Convert 0 (base 7) to base 10.
0
Convert 2 (base 15) to base 6.
2
Convert -40 (base 6) to base 7.
-33
-4 (base 13) to base 6
-4
Convert 20 (base 9) to base 7.
24
3 (base 10) to base 15
3
What is -111 (base 8) in base 14?
-53
0 (base 9) to base 15
0
0 (base 14) to base 10
0
What is 2 (base 14) in base 11?
2
-130 (base 4) to base 7
-40
What is -1000111 (base 2) in base 13?
-56
Convert -133 (base 10) to base 16.
-85
-304 (base 5) to base 13
-61
What is 1 (base 15) in base 7?
1
1 (base 3) to base 11
1
Convert 0 (base 9) to base 8.
0
What is b6 (base 12) in base 2?
10001010
-2 (base 4) to base 5
-2
Convert -134 (base 8) to base 9.
-112
Convert -8 (base 14) to base 4.
-20
Convert -1232 (base 4) to base 9.
-132
What is -41 (base 5) in base 8?
-25
Convert -4 (base 11) to base 7.
-4
What is 16 (base 7) in base 3?
111
-1111 (base 2) to base 12
-13
69 (base 11) to base 14
55
What is a (base 14) in base 16?
a
Convert -9 (base 13) to base 9.
-10
Convert 110 (base 2) to base 15.
6
Convert 10120 (base 3) to base 11.
88
2 (base 6) to base 16
2
-100 (base 2) to base 15
-4
What is -1 (base 6) in base 2?
-1
121 (base 11) to base 15
99
Convert 72 (base 11) to base 8.
117
-10 (base 6) to base 15
-6
-17 (base 13) to base 9
-22
Convert -200 (base 3) to base 8.
-22
3 (base 16) to base 5
3
Convert -5 (base 9) to base 7.
-5
-10 (base 3) to base 2
-11
2133 (base 5) to base 13
197
Convert 2 (base 4) to base 10.
2
What is 11 (base 8) in base 11?
9
What is 0 (base 10) in base 3?
0
83 (base 14) to base 7
223
Convert 4 (base 5) to base 7.
4
Convert 1000110 (base 2) to base 5.
240
What is 32 (base 4) in base 3?
112
216 (base 8) to base 16
8e
0 (base 9) to base 2
0
Convert -78 (base 9) to base 4.
-1013
What is 111 (base 3) in base 12?
11
What is 10 (base 2) in base 3?
2
What is 11 (base 2) in base 3?
10
What is 5 (base 6) in base 3?
12
Convert 43 (base 5) to base 11.
21
-a (base 13) to base 16
-a
Convert -5 (base 6) to base 2.
-101
What is -1d (base 14) in base 16?
-1b
Convert 68 (base 12) to base 8.
120
Convert -2020 (base 4) to base 12.
-b4
-21 (base 11) to base 8
-27
3 (base 9) to base 7
3
Convert -222 (base 4) to base 2.
-101010
Convert -123 (base 16) to base 5.
-2131
What is -12 (base 4) in base 15?
-6
-2 (base 4) to base 7
-2
Convert -141 (base 6) to base 9.
-67
13 (base 15) to base 11
17
Convert a (base 14) to base 2.
1010
What is -18 (base 10) in base 14?
-14
Convert -1c (base 15) to base 4.
-123
Convert -222 (base 3) to base 2.
-11010
5 (base 9) to base 13
5
-1a (base 11) to base 6
-33
Convert 4 (base 15) to base 2.
100
What is -3001 (base 5) in base 7?
-1045
What is 1 (base 3) in base 9?
1
Convert -6 (base 7) to base 6.
-10
0 (base 11) to base 12
0
46 (base 14) to base 6
142
232 (base 4) to base 7
64
What is -9 (base 12) in base 16?
-9
10 (base 4) to base 15
4
Convert 36 (base 13) to base 2.
101101
What is -29 (base 12) in base 15?
-23
17 (base 9) to base 13
13
24 (base 12) to base 4
130
-17 (base 15) to base 14
-18
3 (base 10) to base 2
11
Convert 2 (base 5) to base 4.
2
Convert 2 (base 11) to base 10.
2
Convert 20 (base 3) to base 13.
6
Convert 25 (base 16) to base 5.
122
-1 (base 2) to base 8
-1
What is -21 (base 4) in base 15?
-9
What is 0 (base 5) in base 10?
0
-2 (base 4) to base 7
-2
Convert -332 (base 6) to base 2.
-10000000
Convert -2b (base 13) to base 4.
-211
What is -2 (base 12) in base 15?
-2
Convert -3 (base 7) to base 14.
-3
What is 36 (base 16) in base 10?
54
1000001 (base 2) to base 9
72
What is 6 (base 11) in base 12?
6
Convert 10200 (base 3) to base 16.
63
What is 0 (base 10) in base 4?
0
3 (base 13) to base 4
3
What is 5 (base 13) in base 4?
11
1 (base 4) to base 15
1
4 (base 13) to base 6
4
What is -29 (base 14) in base 4?
-211
-1a0 (base 12) to base 5
-2024
Convert 1 (base 12) to base 3.
1
What is -2100 (base 5) in base 8?
-423
Convert 1000 (base 2) to base 6.
12
10 (base 8) to base 10
8
Convert -23 (base 13) to base 3.
-1002
Convert -2 (base 12) to base 2.
-10
1 (base 6) to base 8
1
1012 (base 3) to base 4
200
13 (base 10) to base 6
21
What is -2 (base 10) in base 11?
-2
What is 1100 (base 2) in base 10?
12
Convert 0 (base 8) to base 15.
0
What is 1 (base 12) in base 10?
1
Convert -6 (base 12) to base 11.
-6
-1 (base 6) to base 11
-1
24 (base 6) to base 5
31
What is -4 (base 9) in base 11?
-4
a (base 13) to base 10
10
Convert -129 (base 14) to base 10.
-233
Convert -96 (base 15) to base 2.
-10001101
0 (base 11) to base 16
0
Convert 120 (base 10) to base 12.
a0
-16 (base 13) to base 12
-17
-1 (base 9) to base 5
-1
245 (base 7) to base 9
155
-110110 (base 2) to base 12
-46
Convert -11 (base 6) to base 11.
-7
What is 100 (base 2) in base 7?
4
4 (base 16) to base 4
10
What is -16 (base 7) in base 15?
-d
What is 1 (base 9) in base 6?
1
-1 (base 5) to base 11
-1
-5 (base 14) to base 2
-101
What is -12 (base 6) in base 4?
-20
Convert -1 (base 4) to base 5.
-1
-4 (base 5) to base 11
-4
130 (base 9) to base 3
11000
-1a (base 14) to base 4
-120
-21 (base 3) to base 15
-7
Convert 0 (base 2) to base 5.
0
-18 (base 10) to base 2
-10010
What is 12 (base 10) in base 11?
11
What is -1111 (base 2) in base 16?
-f
What is -10 (base 10) in base 8?
-12
Convert -3 (base 11) to base 3.
-10
Convert -1011010 (base 2) to base 4.
-1122
-3 (base 4) to base 15
-3
0 (base 16) to base 5
0
Convert 6 (base 9) to base 12.
6
Convert 55 (base 6) to base 13.
29
Convert 0 (base 8) to base 14.
0
What is -3 (base 7) in base 10?
-3
What is -2 (base 6) in base 11?
-2
3 (base 15) to base 8
3
2b (base 13) to base 16
25
-42 (base 9) to base 16
-26
8 (base 12) to base 10
8
What is 74 (base 11) in base 15?
56
Convert 208 (base 10) to base 12.
154
Convert 10120 (base 3) to base 6.
240
423 (base 7) to base 3
21220
What is -6 (base 10) in base 3?
-20
Convert ab (base 14) to base 16.
97
Convert -95 (base 10) to base 5.
-340
1 (base 7) to base 2
1
Convert -1 (base 7) to base 5.
-1
5e (base 15) to base 9
108
-1 (base 14) to base 4
-1
-1230 (base 5) to base 7
-361
Convert 101 (base 2) to base 16.
5
What is 2 (base 14) in base 15?
2
1022 (base 6) to base 7
446
What is -11 (base 4) in base 5?
-10
-d (base 14) to base 7
-16
49 (base 13) to base 8
75
-9 (base 14) to base 12
-9
3a (base 16) to base 6
134
Convert -10010 (base 2) to base 15.
-13
What is 4 (base 7) in base 6?
4
Convert -1 (base 6) to base 7.
-1
Convert 1000 (base 2) to base 12.
8
What is 2 (base 5) in base 6?
2
Convert 311 (base 4) to base 7.
104
Convert -43 (base 16) to base 8.
-103
-3 (base 15) to base 9
-3
Convert 2 (base 15) to base 14.
2
Convert -1 (base 2) to base 8.
-1
What is 47 (base 14) in base 4?
333
Convert 1020 (base 5